
3
What is the units digit of 1978236?
6
What is the tens digit of 185930?
3
What is the thousands digit of 2873331?
3
What is the thousands digit of 2828313?
8
What is the hundred thousands digit of 614559?
6
What is the millions digit of 9030278?
9
What is the tens digit of 7538?
3
What is the hundred thousands digit of 2131776?
1
What is the hundred thousands digit of 1331840?
3
What is the units digit of 72351?
1
What is the tens digit of 97402?
0
What is the ten thousands digit of 115980?
1
What is the millions digit of 20959411?
0
What is the hundred thousands digit of 295472?
2
What is the units digit of 6171311?
1
What is the units digit of 25376?
6
What is the hundreds digit of 1051227?
2
What is the units digit of 881600?
0
What is the ten thousands digit of 588267?
8
What is the thousands digit of 502518?
2
What is the hundreds digit of 18120?
1
What is the thousands digit of 3181450?
1
What is the ten thousands digit of 1275144?
7
What is the thousands digit of 181578?
1
What is the ten millions digit of 13020668?
1
What is the hundreds digit of 300643?
6
What is the thousands digit of 9049121?
9
What is the ten thousands digit of 270843?
7
What is the hundred thousands digit of 1775563?
7
What is the units digit of 294795?
5
What is the hundreds digit of 154348?
3
What is the ten thousands digit of 157836?
5
What is the thousands digit of 3464?
3
What is the hundreds digit of 192460?
4
What is the millions digit of 2725158?
2
What is the thousands digit of 216760?
6
What is the tens digit of 6601321?
2
What is the hundreds digit of 4195118?
1
What is the tens digit of 784540?
4
What is the units digit of 434316?
6
What is the ten thousands digit of 2185133?
8
What is the units digit of 267047?
7
What is the ten thousands digit of 14795?
1
What is the thousands digit of 2009852?
9
What is the tens digit of 38712167?
6
What is the hundreds digit of 235693?
6
What is the thousands digit of 266635?
6
What is the hundred thousands digit of 923854?
9
What is the ten millions digit of 10766551?
1
What is the units digit of 314236?
6
What is the hundreds digit of 507233?
2
What is the ten thousands digit of 744880?
4
What is the units digit of 12491668?
8
What is the tens digit of 1008643?
4
What is the tens digit of 5470553?
5
What is the hundreds digit of 10702353?
3
What is the units digit of 651809?
9
What is the units digit of 2714958?
8
What is the tens digit of 24843117?
1
What is the ten thousands digit of 108477?
0
What is the thousands digit of 1314969?
4
What is the hundreds digit of 261067?
0
What is the hundred thousands digit of 10119256?
1
What is the ten thousands digit of 3064377?
6
What is the hundreds digit of 5543798?
7
What is the thousands digit of 2160690?
0
What is the millions digit of 1272394?
1
What is the hundreds digit of 374911?
9
What is the ten thousands digit of 76350?
7
What is the hundred thousands digit of 156113?
1
What is the ten thousands digit of 1898107?
9
What is the hundreds digit of 13709175?
1
What is the tens digit of 240436?
3
What is the tens digit of 105922?
2
What is the thousands digit of 292607?
2
What is the ten thousands digit of 133648?
3
What is the ten millions digit of 19208049?
1
What is the ten millions digit of 14532752?
1
What is the units digit of 9874990?
0
What is the hundred thousands digit of 171449?
1
What is the millions digit of 22027282?
2
What is the hundreds digit of 223785?
7
What is the hundreds digit of 5303348?
3
What is the ten thousands digit of 6923732?
2
What is the tens digit of 14367363?
6
What is the tens digit of 202614?
1
What is the millions digit of 1210817?
1
What is the thousands digit of 9694991?
4
What is the ten thousands digit of 126877?
2
What is the thousands digit of 3099835?
9
What is the millions digit of 1805055?
1
What is the thousands digit of 1210380?
0
What is the ten thousands digit of 3644389?
4
What is the hundreds digit of 3153202?
2
What is the hundred thousands digit of 1662068?
6
What is the thousands digit of 48509?
8
What is the hundred thousands digit of 8809931?
8
What is the thousands digit of 2393534?
3
What is the ten thousands digit of 209142?
0
What is the millions digit of 1993117?
1
What is the thousands digit of 2313501?
3
What is the units digit of 141324?
4
What is the units digit of 14253860?
0
What is the thousands digit of 139593?
9
What is the thousands digit of 121019?
1
What is the units digit of 52397?
7
What is the hundreds digit of 1078248?
2
What is the hundreds digit of 9105449?
4
What is the ten thousands digit of 130829?
3
What is the units digit of 1495567?
7
What is the thousands digit of 4506709?
6
What is the ten thousands digit of 261254?
6
What is the hundred thousands digit of 640162?
6
What is the thousands digit of 175996?
5
What is the tens digit of 905387?
8
What is the thousands digit of 6971348?
1
What is the hundred thousands digit of 2160761?
1
What is the ten thousands digit of 64586?
6
What is the millions digit of 7222392?
7
What is the tens digit of 1288920?
2
What is the hundred thousands digit of 1708489?
7
What is the units digit of 78098?
8
What is the ten millions digit of 12403526?
1
What is the hundreds digit of 153948?
9
What is the tens digit of 328578?
7
What is the thousands digit of 5237623?
7
What is the thousands digit of 1148269?
8
What is the hundred thousands digit of 2016294?
0
What is the hundreds digit of 455497?
4
What is the hundreds digit of 899654?
6
What is the hundred thousands digit of 2453269?
4
What is the tens digit of 930509?
0
What is the units digit of 798444?
4
What is the hundred thousands digit of 2069350?
0
What is the hundred thousands digit of 571796?
5
What is the tens digit of 421892?
9
What is the ten thousands digit of 369501?
6
What is the tens digit of 223737?
3
What is the hundreds digit of 223265?
2
What is the units digit of 21920?
0
What is the units digit of 360104?
4
What is the hundred thousands digit of 167369?
1
What is the hundreds digit of 72001?
0
What is the hundreds digit of 3577903?
9
What is the hundred thousands digit of 27044920?
0
What is the ten thousands digit of 165389?
6
What is the ten thousands digit of 198278?
9
What is the ten thousands digit of 200407?
0
What is the units digit of 1373148?
8
What is the ten thousands digit of 76688?
7
What is the units digit of 14479836?
6
What is the tens digit of 1253461?
6
What is the ten millions digit of 13220050?
1
What is the tens digit of 36189?
8
What is the ten thousands digit of 30084?
3
What is the thousands digit of 983335?
3
What is the millions digit of 1757319?
1
What is the tens digit of 128786?
8
What is the hundred thousands digit of 286669?
2
What is the units digit of 273678?
8
What is the units digit of 4448531?
1
What is the ten millions digit of 19157686?
1
What is the ten thousands digit of 1600510?
0
What is the ten thousands digit of 242016?
4
What is the ten thousands digit of 4283732?
8
What is the thousands digit of 681496?
1
What is the units digit of 400188?
8
What is the ten thousands digit of 4251183?
5
What is the ten thousands digit of 2046370?
4
What is the units digit of 1537570?
0
What is the hundred thousands digit of 378287?
3
What is the tens digit of 384431?
3
What is the ten thousands digit of 2143878?
4
What is the units digit of 2359768?
8
What is the units digit of 15018295?
5
What is the units digit of 4039848?
8
What is the thousands digit of 5774952?
4
What is the hundred thousands digit of 985351?
9
What is the tens digit of 439549?
4
What is the hundred thousands digit of 21692075?
6
What is the tens digit of 441651?
5
What is the tens digit of 40632?
3
What is the ten thousands digit of 1091238?
9
What is the units digit of 1491241?
1
What is the hundred thousands digit of 1346097?
3
What is the thousands digit of 224898?
4
What is the ten thousands digit of 167455?
6
What is the ten thousands digit of 1007528?
0
What is the hundreds digit of 5445059?
0
What is the units digit of 5308774?
4
What is the hundreds digit of 131490?
4
What is the thousands digit of 1712701?
2
What is the units digit of 6718722?
2
What is the tens digit of 395172?
7
What is the ten thousands digit of 589563?
8
What is the units digit of 3971740?